{"id":2524,"date":"2026-02-19T07:46:45","date_gmt":"2026-02-19T07:46:45","guid":{"rendered":"https:\/\/www.hiba-art.com\/?page_id=2524"},"modified":"2026-02-19T10:13:52","modified_gmt":"2026-02-19T10:13:52","slug":"entre-ciel-et-fondations","status":"publish","type":"page","link":"https:\/\/www.hiba-art.com\/index.php\/entre-ciel-et-fondations\/","title":{"rendered":"ENTRE CIEL ET FONDATIONS"},"content":{"rendered":"<p><strong>Dimensions\u202f:<\/strong> 119 \u00d7 92 cm<\/p><p><br><strong>Style\u202f:<\/strong> Abstraction g\u00e9om\u00e9trique, Hard Edge<\/p><p><br><strong>Description :<\/strong><\/p><p>Cette composition g\u00e9om\u00e9trique \u00e9voque une ville imaginaire suspendue entre paysage et architecture. <\/p><p>Des formes simples et color\u00e9es : arches, toits, passerelles et conduits s\u2019imbriquent comme un puzzle urbain.<\/p><p>La partie inf\u00e9rieure, plus transparente, sugg\u00e8re les fondations ou un monde souterrain.<\/p><div class=\"wp-block-image\"><figure class=\"aligncenter size-full\"><img loading=\"lazy\" decoding=\"async\" width=\"1703\" height=\"1703\" src=\"http:\/\/www.hiba-art.com\/wp-content\/uploads\/2024\/12\/20241204_110137.jpg\" alt=\"\" class=\"wp-image-1954\"\/><\/figure><\/div><div style=\"height:20px\" aria-hidden=\"true\" class=\"wp-block-spacer\"><\/div>","protected":false},"excerpt":{"rendered":"<p>Dimensions\u202f: 119 \u00d7 92 cm Style\u202f: Abstraction g\u00e9om\u00e9trique, Hard Edge Description : Cette composition g\u00e9om\u00e9trique \u00e9voque une ville imaginaire suspendue entre paysage et architecture. Des formes simples et color\u00e9es : arches, toits, passerelles et conduits s\u2019imbriquent comme un puzzle urbain. La partie inf\u00e9rieure, plus transparente, sugg\u00e8re les fondations ou un monde souterrain.<\/p>\n","protected":false},"author":1,"featured_media":0,"parent":0,"menu_order":0,"comment_status":"closed","ping_status":"closed","template":"","meta":{"footnotes":""},"class_list":["post-2524","page","type-page","status-publish","hentry"],"_links":{"self":[{"href":"https:\/\/www.hiba-art.com\/index.php\/wp-json\/wp\/v2\/pages\/2524","targetHints":{"allow":["GET"]}}],"collection":[{"href":"https:\/\/www.hiba-art.com\/index.php\/wp-json\/wp\/v2\/pages"}],"about":[{"href":"https:\/\/www.hiba-art.com\/index.php\/wp-json\/wp\/v2\/types\/page"}],"author":[{"embeddable":true,"href":"https:\/\/www.hiba-art.com\/index.php\/wp-json\/wp\/v2\/users\/1"}],"replies":[{"embeddable":true,"href":"https:\/\/www.hiba-art.com\/index.php\/wp-json\/wp\/v2\/comments?post=2524"}],"version-history":[{"count":23,"href":"https:\/\/www.hiba-art.com\/index.php\/wp-json\/wp\/v2\/pages\/2524\/revisions"}],"predecessor-version":[{"id":2640,"href":"https:\/\/www.hiba-art.com\/index.php\/wp-json\/wp\/v2\/pages\/2524\/revisions\/2640"}],"wp:attachment":[{"href":"https:\/\/www.hiba-art.com\/index.php\/wp-json\/wp\/v2\/media?parent=2524"}],"curies":[{"name":"wp","href":"https:\/\/api.w.org\/{rel}","templated":true}]}}