{"id":2568,"date":"2026-02-19T08:53:39","date_gmt":"2026-02-19T08:53:39","guid":{"rendered":"https:\/\/www.hiba-art.com\/?page_id=2568"},"modified":"2026-02-19T10:17:28","modified_gmt":"2026-02-19T10:17:28","slug":"origine","status":"publish","type":"page","link":"https:\/\/www.hiba-art.com\/index.php\/origine\/","title":{"rendered":"ORIGINE"},"content":{"rendered":"<p><strong>Dimensions\u202f:<\/strong> 100 x 100 cm<\/p><p><br><strong>Style\u202f:<\/strong> Abstraction g\u00e9om\u00e9trique, Hard Edge<\/p><p><br><strong>Description :<\/strong><\/p><p>Cette toile abstraite capte l\u2019essence d\u2019un d\u00e9but.<\/p><p>Un espace o\u00f9 les formes g\u00e9om\u00e9triques semblent se d\u00e9ployer avec une \u00e9nergie ma\u00eetris\u00e9e.<\/p><p>Les lignes se croisent et s\u2019entrelacent dans une chor\u00e9graphie pr\u00e9cise, cr\u00e9ant une architecture visuelle \u00e0 la fois rigoureuse et vibrante. <\/p><figure class=\"wp-block-image size-full\"><img loading=\"lazy\" decoding=\"async\" width=\"2801\" height=\"2766\" src=\"http:\/\/www.hiba-art.com\/wp-content\/uploads\/2025\/06\/1000040606.jpg\" alt=\"\" class=\"wp-image-2469\"\/><\/figure>","protected":false},"excerpt":{"rendered":"<p>Dimensions\u202f: 100 x 100 cm Style\u202f: Abstraction g\u00e9om\u00e9trique, Hard Edge Description : Cette toile abstraite capte l\u2019essence d\u2019un d\u00e9but. Un espace o\u00f9 les formes g\u00e9om\u00e9triques semblent se d\u00e9ployer avec une \u00e9nergie ma\u00eetris\u00e9e. Les lignes se croisent et s\u2019entrelacent dans une chor\u00e9graphie pr\u00e9cise, cr\u00e9ant une architecture visuelle \u00e0 la fois rigoureuse et vibrante.<\/p>\n","protected":false},"author":1,"featured_media":0,"parent":0,"menu_order":0,"comment_status":"closed","ping_status":"closed","template":"","meta":{"footnotes":""},"class_list":["post-2568","page","type-page","status-publish","hentry"],"_links":{"self":[{"href":"https:\/\/www.hiba-art.com\/index.php\/wp-json\/wp\/v2\/pages\/2568","targetHints":{"allow":["GET"]}}],"collection":[{"href":"https:\/\/www.hiba-art.com\/index.php\/wp-json\/wp\/v2\/pages"}],"about":[{"href":"https:\/\/www.hiba-art.com\/index.php\/wp-json\/wp\/v2\/types\/page"}],"author":[{"embeddable":true,"href":"https:\/\/www.hiba-art.com\/index.php\/wp-json\/wp\/v2\/users\/1"}],"replies":[{"embeddable":true,"href":"https:\/\/www.hiba-art.com\/index.php\/wp-json\/wp\/v2\/comments?post=2568"}],"version-history":[{"count":13,"href":"https:\/\/www.hiba-art.com\/index.php\/wp-json\/wp\/v2\/pages\/2568\/revisions"}],"predecessor-version":[{"id":2646,"href":"https:\/\/www.hiba-art.com\/index.php\/wp-json\/wp\/v2\/pages\/2568\/revisions\/2646"}],"wp:attachment":[{"href":"https:\/\/www.hiba-art.com\/index.php\/wp-json\/wp\/v2\/media?parent=2568"}],"curies":[{"name":"wp","href":"https:\/\/api.w.org\/{rel}","templated":true}]}}